 f be y(-2). Let a = f + 46. What is the units digit of a?
9
Suppose -2*w = -25 - 1. Suppose 0 = 3*s + 1 - w. Suppose -8*c = -s*c - 92. What is the tens digit of c?
2
Suppose -47 = p - 265. What is the hundreds digit of p?
2
Let b be (24/(-44))/3 - (-1984)/22. Suppose -y = -2*t + 122, -2*t - 4*y - b + 222 = 0. What is the units digit of t?
2
Suppose 0 = 6*m - 0*m - 24. Suppose -3*h = -5*b - 244 + 62, 3*h + m*b = 200. What is the units digit of h?
4
Let l = 33 - 27. What is the hundreds digit of l*(-4)/(24/(-177))?
1
Let o be ((-1)/1 + 2)*138. Suppose 0 = -3*u + o + 72. Suppose -5*y = -2*b - 332, 0 = 4*y + b - 193 - u. What is the units digit of y?
6
Suppose 12 = -6*z - 96. Let s(d) = -d**2 - 2*d + 1. Let g be s(3). What is the tens digit of (g/(-5))/(z/(-315))?
4
Let f = 70 + -64. What is the hundreds digit of 12*(32/f - -5)?
1
Let m(l) = -l**3 + 3*l**2 + 2*l - 4. Let v be m(3). Let z(o) = 10*o**2 - 10*o + 6*o**v + 10*o - 1. What is the tens digit of z(1)?
1
Let l(u) = 2*u**2 + 2*u + 1. Let b be l(-2). Suppose 4*a - 69 = g + 23, -3*a + b*g + 69 = 0. What is the tens digit of a?
2
Let o(m) = m**2 + 7*m + 11. Let f be o(-7). Suppose c - f*c + 1390 = 0. What is the hundreds digit of c?
1
Suppose 4*x + 8*x - 24 = 0. Suppose -5*j + 2*t + 295 = 0, -5*j + x*j + t + 177 = 0. What is the units digit of j?
9
Let h = -5101 + 8543. What is the hundreds digit of h?
4
Let r(f) = -f - 3. Let a be r(-5). Let j = 1023 + -1018. Suppose 0*k - j*k = 5*y - 25, 3*y - 7 = -a*k. What is the units digit of k?
8
Suppose p = 6 + 19. Let t be (-2)/((-4)/6) + p. Let j = -11 + t. What is the units digit of j?
7
Let d = -261 + 459. Suppose 5*t - d = 157. Let a = -40 + t. What is the tens digit of a?
3
Let n = 8211 - 5384. What is the thousands digit of n?
2
Suppose -2*y + 2563 = -0*k + 5*k, -y = 5*k - 2564. What is the tens digit of k?
1
Let t be 17/4 - 6/(-8). Let x(w) = w**3 - 4*w**2 - 5*w + 6. What is the units digit of x(t)?
6
Suppose 560 = 2*c - 3*v, -c - 2*v - 187 = -467. What is the tens digit of c?
8
Let c(u) = 5 + 14*u + u - 9 - 4. What is the tens digit of c(10)?
4
What is the units digit of (1256/10)/(6/15)?
4
What is the hundreds digit of ((-3354)/(-10))/(37/185)?
6
Let p(t) = -141*t**3 + 4*t**2 + 6*t + 2. What is the hundreds digit of p(-2)?
1
Let u(v) = v**2 + 8*v**3 + 2*v + v + 1 - 3*v + 2*v. Let m be u(-1). Let g = m + 16. What is the units digit of g?
8
Let z(o) = o**3 + 3*o**2 - 4*o + 2. Suppose 5*g - j + 6 + 2 = 0, 14 = -5*g - 2*j. Let d be g + -1 + 2 - -3. What is the tens digit of z(d)?
1
Let t(l) = l**3 + 9*l**2 + 7*l - 4. Let j be t(-8). Suppose -5*a + 0*w - 321 = 3*w, 2*a - j*w = -144. What is the units digit of (-46)/(-11) - (-12)/a?
4
Suppose -4*h - 28 = -4*v, -15 = -3*v - 5*h + 38. Let f = 16 + v. What is the units digit of f?
7
Let v = 569 - -79. What is the hundreds digit of v?
6
Let y = 831 - 313. What is the tens digit of y?
1
Let g(r) = -9*r - 4. Let n be 2*(-27)/6 - 0. What is the units digit of g(n)?
7
Suppose 0 + 5 = -n, -2*l - n + 4641 = 0. What is the tens digit of l?
2
Suppose -5*s - 4 = -7*s. Suppose 3*n - 19 = -4*b, -s*n + 12 = b + b. Suppose -u = -n - 0. What is the units digit of u?
5
Suppose -y + 1097 + 767 = 5*p, 0 = 2*y - 5*p - 3683. What is the units digit of y?
9
Let c = 29 + -24. What is the tens digit of c - 75/(-7) - 4/(-14)?
1
Suppose 255*f - 260*f + 625 = 0. What is the hundreds digit of f?
1
Let y = 3 + -2. Suppose -5*x + 2*a = -15, 19 = -4*a - y. Let n = 35 - x. What is the units digit of n?
4
Suppose -7*s - 289 = 166. Let k = 88 + s. What is the units digit of k?
3
Let d(k) be the second derivative of -k**4/6 + 3*k**3 + 9*k**2/2 - 11*k. Let f(i) be the first derivative of d(i). What is the tens digit of f(-9)?
5
Let x(h) = 3*h**2 + 4*h - 2. Let f be x(-2). What is the tens digit of (-2)/4*-202 + f?
0
Let t be (216/(-4))/(2/(-2) + 0). Let y = 83 - t. What is the units digit of y?
9
Let s be 2 + 6/(6/3). Suppose -5*i + s*w + 175 = 0, -3*i - 3*w = -8*w - 103. What is the units digit of i?
6
Suppose -15*f + 3917 = -4498. What is the hundreds digit of f?
5
Let u(j) = -13*j**3 + 2*j**2 - 10*j - 14. What is the tens digit of u(-3)?
8
Suppose 0 = x - 0*x - 105. Suppose -4*n + 3*a + x = 2*a, a - 30 = -n. Let w = 80 - n. What is the tens digit of w?
5
Suppose 0 = 6*k - 2*k - 3*x - 671, -3*k + 5*x = -517. What is the tens digit of k?
6
Suppose -z - 2*v = -3*v - 9, 14 = z - 2*v. Suppose 0 = -3*h + z*p + 346 - 42, p = 4*h - 427. What is the hundreds digit of h?
1
Suppose 2*c + 147 = 3*a - 189, -579 = -5*a - 3*c. Let u be 1/2 - a/(-12). Suppose 5*f = u*f - 90. What is the tens digit of f?
1
What is the hundreds digit of 2 - (-6681)/9 - 10/(-15)?
7
Suppose 20*l = 15*l + 2575. What is the hundreds digit of l?
5
Let x(j) be the first derivative of 16*j**3/3 + 7*j**2/2 + 10*j - 1. What is the tens digit of x(-4)?
3
Suppose -5*o - 19 - 1 = 0. What is the tens digit of ((-6)/o)/((-6)/(-188))?
4
Let j(n) = 5*n - 10. Let z be (-7)/(-2)*(-6)/3. Let o be j(z). What is the units digit of 240/o*(-6)/4?
8
Suppose 260*r - 252*r - 18608 = 0. What is the tens digit of r?
2
Let f = -37 - -22. Let m = 63 + -61. Let x = m - f. What is the units digit of x?
7
Let r = -2912 + 4289. What is the hundreds digit of r?
3
Let c(m) = -2*m**3 - 5*m**2 - 5*m - 5. Let o be c(-4). Let l(q) = -q**3 - 2*q**2 + 2*q - 7. Let u be l(-3). What is the units digit of u/(-8) - o/(-6)?
1
Suppose 0*x = 2*x. Suppose 5*f = -5, x = -2*s - 0*f + f + 1205. What is the tens digit of s/12 - (-8)/(-48)?
5
Suppose 182*n - 71*n - 98235 = 0. What is the units digit of n?
5
Suppose 5*k = -5*c + 1105, 4*c - 4*k - 96 = 780. What is the units digit of c?
0
Let a = -19 - -11. Let y(m) = m**2 + 9*m + 9. Let p be y(a). Suppose -2*j + 5*x + 2 = 0, 2*x + 2 + p = j. What is the tens digit of j?
1
Let l = -54 + 144. Let c = l - -28. Let n = c - 84. What is the units digit of n?
4
Let m be (-8)/(1*4*(-3)/42). Let p = m + 68. What is the units digit of p?
6
Let l = 20 + -16. Suppose 3*a - 3*b = -l*b + 164, -58 = -a + 3*b. What is the tens digit of a?
5
Let h = 8 + -6. Suppose h*q + 11 = -3*x + 4, -5*x = q + 21. Let o = 7 + q. What is the units digit of o?
1
Suppose -2*z + 281 = -711. Suppose 0 = -12*j + 16*j - z. What is the hundreds digit of j?
1
Let c(q) = 4601*q**2 + 60*q - 59. What is the thousands digit of c(1)?
4
Let p(b) = -8*b - 10. Let y be p(-4). Suppose -13*h = -15*h + y. What is the units digit of h?
1
Suppose 43*m - 4965 = 40*m. What is the tens digit of m?
5
Suppose j = 2*r + 252, -4*j - 2*r + 889 = -149. What is the units digit of j?
8
Let p be 2/2 - (-13 - 680). Suppose 4*c + p = 5*o + c, 0 = 2*o - 4*c - 286. What is the tens digit of o?
3
Suppose 6*i + 7 = 37. Suppose 12*l + i = 17*l. Suppose l - 65 = -2*h. What is the units digit of h?
2
Suppose 1020 - 3714 = -3*c. What is the hundreds digit of c?
8
Let z(m) = m**3 - 18*m**2 - 21*m - 16. What is the hundreds digit of z(20)?
3
Let t = -41 + 46. What is the units digit of ((-25)/10)/t*-96?
8
Let d be (-68)/6 + 3/9. Let w be d/22 + 170/4. Suppose 0*p - 2*z - w = -5*p, 3*z - 12 = 0. What is the units digit of p?
0
Let o = 325 + -187. Let j be -1 + o + (-7 - -8). Let l = j - 94. What is the units digit of l?
4
Let b = -386 + 375. Suppose 70 = -0*a + 5*a. Let z = a - b. What is the units digit of z?
5
Let y = -23 + 26. Suppose -14*t - 54 = -17*t. Suppose 5*i = w - 18, -t = -y*w - w + 2*i. What is the units digit of w?
3
Let v(c) = c**2 + 147. Suppose -3*s = -3*d - 2*s + 2, 2*s = -d - 4. What is the tens digit of v(d)?
4
Let y(u) = -6*u - 3*u**3 + 8*u - 5*u - 4*u**2. What is the units digit of y(-3)?
4
Let f(s) = -233*s**3 + 2*s**2 + 2*s + 1. Let k be f(-1). Suppose 5*y + 4*b = k, 4*y - b = 244 - 40. What is the tens digit of y?
5
Suppose -5*w = 5*q - 550, 0 = -10*q + 15*q - 3*w - 582. What is the hundreds digit of q?
1
Let w(z) = -z - 5. Let f be w(-3). Let n be ((-285)/9)/(f/6). Suppose -n = -2*i - 5*g, 0*i - 52 = -i + 2*g. What is the tens digit of i?
5
Let v(y) = y**2 - 3*y + 7. Let h be v(0). Let a(b) = -b**2 + 10*b - 8. What is the units digit of a(h)?
3
Let h = 2552 + -1574. What is the units digit of h?
8
Let m(b) = -74*b**3 + 2*b**2 - 3*b - 5. Let v be m(-2). Suppose 3*g + 2*u = -2*g + v, -4*g = 2*u - 482. What is the tens d